{"id":104,"date":"2024-12-09T04:00:20","date_gmt":"2024-12-09T04:00:20","guid":{"rendered":"https:\/\/hanhtrinhkydieu.id.vn\/?page_id=104"},"modified":"2024-12-12T07:32:56","modified_gmt":"2024-12-12T07:32:56","slug":"dich-vu-nha-khoa","status":"publish","type":"page","link":"https:\/\/hanhtrinhkydieu.id.vn\/index.php\/dich-vu-nha-khoa\/","title":{"rendered":"D\u1ecbch v\u1ee5 nha khoa"},"content":{"rendered":"\t\t<div data-elementor-type=\"wp-page\" data-elementor-id=\"104\" class=\"elementor elementor-104\">\n\t\t\t\t<div class=\"elementor-element elementor-element-eada88c e-flex e-con-boxed e-con e-parent\" data-id=\"eada88c\" data-element_type=\"container\" data-e-type=\"container\" data-settings=\"{&quot;background_background&quot;:&quot;classic&quot;}\">\n\t\t\t\t\t<div class=\"e-con-inner\">\n\t\t\t\t<div class=\"elementor-element elementor-element-8a8fd41 animated-slow elementor-invisible elementor-widget elementor-widget-heading\" data-id=\"8a8fd41\" data-element_type=\"widget\" data-e-type=\"widget\" data-settings=\"{&quot;_animation&quot;:&quot;fadeInUp&quot;}\" data-widget_type=\"heading.default\">\n\t\t\t\t\t<h2 class=\"elementor-heading-title elementor-size-default\">NHA KHOA<\/h2>\t\t\t\t<\/div>\n\t\t\t\t\t<\/div>\n\t\t\t\t<\/div>\n\t\t<div class=\"elementor-element elementor-element-c382ff8 e-flex e-con-boxed e-con e-parent\" data-id=\"c382ff8\" data-element_type=\"container\" data-e-type=\"container\">\n\t\t\t\t\t<div class=\"e-con-inner\">\n\t\t<div class=\"elementor-element elementor-element-deb5472 e-con-full e-flex e-con e-child\" data-id=\"deb5472\" data-element_type=\"container\" data-e-type=\"container\">\n\t\t\t\t<div class=\"elementor-element elementor-element-e1703c9 elementor-widget elementor-widget-image\" data-id=\"e1703c9\" data-element_type=\"widget\" data-e-type=\"widget\" data-widget_type=\"image.default\">\n\t\t\t\t\t\t\t\t\t\t\t\t\t\t\t<img fetchpriority=\"high\" decoding=\"async\" width=\"602\" height=\"372\" src=\"https:\/\/hanhtrinhkydieu.id.vn\/wp-content\/uploads\/2024\/12\/2b1cd30fd39169cf3080.jpg\" class=\"attachment-large size-large wp-image-475\" alt=\"\" srcset=\"https:\/\/hanhtrinhkydieu.id.vn\/wp-content\/uploads\/2024\/12\/2b1cd30fd39169cf3080.jpg 602w, https:\/\/hanhtrinhkydieu.id.vn\/wp-content\/uploads\/2024\/12\/2b1cd30fd39169cf3080-300x185.jpg 300w, https:\/\/hanhtrinhkydieu.id.vn\/wp-content\/uploads\/2024\/12\/2b1cd30fd39169cf3080-24x15.jpg 24w, https:\/\/hanhtrinhkydieu.id.vn\/wp-content\/uploads\/2024\/12\/2b1cd30fd39169cf3080-36x22.jpg 36w, https:\/\/hanhtrinhkydieu.id.vn\/wp-content\/uploads\/2024\/12\/2b1cd30fd39169cf3080-48x30.jpg 48w, https:\/\/hanhtrinhkydieu.id.vn\/wp-content\/uploads\/2024\/12\/2b1cd30fd39169cf3080-600x371.jpg 600w\" sizes=\"(max-width: 602px) 100vw, 602px\" \/>\t\t\t\t\t\t\t\t\t\t\t\t\t\t\t<\/div>\n\t\t\t\t<\/div>\n\t\t<div class=\"elementor-element elementor-element-5fdc0a8 e-con-full e-flex e-con e-child\" data-id=\"5fdc0a8\" data-element_type=\"container\" data-e-type=\"container\">\n\t\t\t\t<div class=\"elementor-element elementor-element-337014a animated-slow elementor-invisible elementor-widget elementor-widget-heading\" data-id=\"337014a\" data-element_type=\"widget\" data-e-type=\"widget\" data-settings=\"{&quot;_animation&quot;:&quot;fadeInUp&quot;}\" data-widget_type=\"heading.default\">\n\t\t\t\t\t<h2 class=\"elementor-heading-title elementor-size-default\">T\u1ea1i sao nha khoa th\u00fa c\u01b0ng l\u1ea1i quan tr\u1ecdng?<\/h2>\t\t\t\t<\/div>\n\t\t\t\t<div class=\"elementor-element elementor-element-23ea0ea elementor-widget elementor-widget-text-editor\" data-id=\"23ea0ea\" data-element_type=\"widget\" data-e-type=\"widget\" data-widget_type=\"text-editor.default\">\n\t\t\t\t\t\t\t\t\t<p><b>Vi\u00eam n\u01b0\u1edbu, s\u00e2u r\u0103ng<\/b>: G\u00e2y \u0111au nh\u1ee9c, kh\u00f3 ch\u1ecbu cho th\u00fa c\u01b0ng.<\/p><p><b>M\u1ea5t r\u0103ng<\/b>: \u1ea2nh h\u01b0\u1edfng \u0111\u1ebfn kh\u1ea3 n\u0103ng \u0103n u\u1ed1ng v\u00e0 ti\u00eau h\u00f3a.<\/p><p><b>Nhi\u1ec5m tr\u00f9ng<\/b>: Vi khu\u1ea9n t\u1eeb mi\u1ec7ng c\u00f3 th\u1ec3 lan sang c\u00e1c c\u01a1 quan kh\u00e1c, g\u00e2y ra c\u00e1c b\u1ec7nh nghi\u00eam tr\u1ecdng.<\/p><p><b>H\u01a1i th\u1edf h\u00f4i<\/b>: G\u00e2y kh\u00f3 ch\u1ecbu cho c\u1ea3 th\u00fa c\u01b0ng v\u00e0 ch\u1ee7 nh\u00e2n.<\/p>\t\t\t\t\t\t\t\t<\/div>\n\t\t\t\t<\/div>\n\t\t\t\t\t<\/div>\n\t\t\t\t<\/div>\n\t\t<div class=\"elementor-element elementor-element-b728d3b e-flex e-con-boxed e-con e-parent\" data-id=\"b728d3b\" data-element_type=\"container\" data-e-type=\"container\" data-settings=\"{&quot;background_background&quot;:&quot;classic&quot;}\">\n\t\t\t\t\t<div class=\"e-con-inner\">\n\t\t\t\t<div class=\"elementor-element elementor-element-e751a04 animated-slow elementor-invisible elementor-widget elementor-widget-heading\" data-id=\"e751a04\" data-element_type=\"widget\" data-e-type=\"widget\" data-settings=\"{&quot;_animation&quot;:&quot;fadeInUp&quot;}\" data-widget_type=\"heading.default\">\n\t\t\t\t\t<h2 class=\"elementor-heading-title elementor-size-default\">Ca\u0301c c\u00e2u ho\u0309i th\u01b0\u01a1\u0300ng g\u0103\u0323p<\/h2>\t\t\t\t<\/div>\n\t\t\t\t\t<\/div>\n\t\t\t\t<\/div>\n\t\t<div class=\"elementor-element elementor-element-79f21af e-flex e-con-boxed e-con e-parent\" data-id=\"79f21af\" data-element_type=\"container\" data-e-type=\"container\">\n\t\t\t\t\t<div class=\"e-con-inner\">\n\t\t\t\t<div class=\"elementor-element elementor-element-298bfc8 elementor-widget elementor-widget-text-editor\" data-id=\"298bfc8\" data-element_type=\"widget\" data-e-type=\"widget\" data-widget_type=\"text-editor.default\">\n\t\t\t\t\t\t\t\t\t<p><b>1. Ch\u00f3 m\u00e8o c\u00f3 c\u1ea7n ph\u1ea3i nh\u1ed5 r\u0103ng kh\u00f4ng?<\/b><\/p><p>Trong m\u1ed9t s\u1ed1 tr\u01b0\u1eddng h\u1ee3p, vi\u1ec7c nh\u1ed5 r\u0103ng l\u00e0 c\u1ea7n thi\u1ebft \u0111\u1ec3 \u0111i\u1ec1u tr\u1ecb c\u00e1c b\u1ec7nh v\u1ec1 r\u0103ng mi\u1ec7ng v\u00e0 ng\u0103n ch\u1eb7n nhi\u1ec5m tr\u00f9ng lan r\u1ed9ng.<\/p><p><b>2. L\u00e0m th\u1ebf n\u00e0o \u0111\u1ec3 bi\u1ebft ch\u00f3 m\u00e8o c\u00f3 \u0111au r\u0103ng kh\u00f4ng?<\/b><\/p><p>C\u00e1c d\u1ea5u hi\u1ec7u cho th\u1ea5y ch\u00f3 m\u00e8o \u0111au r\u0103ng bao g\u1ed3m: bi\u1ebfng \u0103n, s\u01b0ng m\u1eb7t, ch\u1ea3y n\u01b0\u1edbc mi\u1ebfng, kh\u00f3 m\u1edf mi\u1ec7ng, v\u00e0 thay \u0111\u1ed5i h\u00e0nh vi.<\/p>\t\t\t\t\t\t\t\t<\/div>\n\t\t\t\t\t<\/div>\n\t\t\t\t<\/div>\n\t\t<div class=\"elementor-element elementor-element-be113a5 e-flex e-con-boxed e-con e-parent\" data-id=\"be113a5\" data-element_type=\"container\" data-e-type=\"container\" data-settings=\"{&quot;background_background&quot;:&quot;classic&quot;}\">\n\t\t\t\t\t<div class=\"e-con-inner\">\n\t\t\t\t<div class=\"elementor-element elementor-element-e90447f animated-slow elementor-invisible elementor-widget elementor-widget-heading\" data-id=\"e90447f\" data-element_type=\"widget\" data-e-type=\"widget\" data-settings=\"{&quot;_animation&quot;:&quot;fadeInUp&quot;}\" data-widget_type=\"heading.default\">\n\t\t\t\t\t<h2 class=\"elementor-heading-title elementor-size-default\">Quy tri\u0300nh kha\u0301m r\u0103ng t\u00f4\u0309ng qua\u0301t<\/h2>\t\t\t\t<\/div>\n\t\t\t\t\t<\/div>\n\t\t\t\t<\/div>\n\t\t<div class=\"elementor-element elementor-element-f9d8ea5 e-flex e-con-boxed e-con e-parent\" data-id=\"f9d8ea5\" data-element_type=\"container\" data-e-type=\"container\">\n\t\t\t\t\t<div class=\"e-con-inner\">\n\t\t\t\t<div class=\"elementor-element elementor-element-b74a0a7 elementor-widget elementor-widget-text-editor\" data-id=\"b74a0a7\" data-element_type=\"widget\" data-e-type=\"widget\" data-widget_type=\"text-editor.default\">\n\t\t\t\t\t\t\t\t\t<p><b>1. Kh\u00e1m l\u00e2m s\u00e0ng:<\/b><\/p><p><b>Ki\u1ec3m tra b\u00ean ngo\u00e0i<\/b>: B\u00e1c s\u0129 th\u00fa y s\u1ebd ki\u1ec3m tra to\u00e0n b\u1ed9 khoang mi\u1ec7ng c\u1ee7a th\u00fa c\u01b0ng, bao g\u1ed3m r\u0103ng, n\u01b0\u1edbu, l\u01b0\u1ee1i, m\u00e1, v\u00f2m mi\u1ec7ng.<\/p><p><b>\u0110\u00e1nh gi\u00e1 m\u00e0u s\u1eafc, h\u00ecnh d\u1ea1ng c\u1ee7a r\u0103ng<\/b>: Ki\u1ec3m tra xem r\u0103ng c\u00f3 b\u1ecb \u1ed1 v\u00e0ng, v\u1ee1, m\u1ebb, ho\u1eb7c c\u00f3 c\u00e1c v\u1ebft n\u1ee9t kh\u00f4ng.<\/p><p><b>Ki\u1ec3m tra t\u00ecnh tr\u1ea1ng n\u01b0\u1edbu<\/b>: Ki\u1ec3m tra xem n\u01b0\u1edbu c\u00f3 b\u1ecb \u0111\u1ecf, s\u01b0ng, ch\u1ea3y m\u00e1u hay kh\u00f4ng.<\/p><p>\u00a0<b>Ki\u1ec3m tra h\u1ea1ch d\u01b0\u1edbi h\u00e0m<\/b>: Ki\u1ec3m tra xem h\u1ea1ch c\u00f3 b\u1ecb s\u01b0ng to hay kh\u00f4ng.<\/p><p><b>2. C\u1ea1o v\u00f4i r\u0103ng:<\/b><\/p><p><b>G\u00e2y m\u00ea<\/b>: Th\u00fa c\u01b0ng s\u1ebd \u0111\u01b0\u1ee3c g\u00e2y m\u00ea nh\u1eb9 \u0111\u1ec3 \u0111\u1ea3m b\u1ea3o qu\u00e1 tr\u00ecnh c\u1ea1o v\u00f4i r\u0103ng di\u1ec5n ra an to\u00e0n v\u00e0 kh\u00f4ng g\u00e2y \u0111au \u0111\u1edbn.<\/p><p><b>S\u1eed d\u1ee5ng d\u1ee5ng c\u1ee5 chuy\u00ean d\u1ee5ng<\/b>: B\u00e1c s\u0129 th\u00fa y s\u1ebd s\u1eed d\u1ee5ng c\u00e1c d\u1ee5ng c\u1ee5 chuy\u00ean d\u1ee5ng \u0111\u1ec3 c\u1ea1o b\u1ecf m\u1ea3ng b\u00e1m v\u00e0 v\u00f4i r\u0103ng tr\u00ean b\u1ec1 m\u1eb7t r\u0103ng.<\/p><p><b>L\u00e0m s\u1ea1ch r\u0103ng<\/b>: Sau khi c\u1ea1o v\u00f4i r\u0103ng, b\u00e1c s\u0129 s\u1ebd l\u00e0m s\u1ea1ch r\u0103ng b\u1eb1ng c\u00e1c dung d\u1ecbch chuy\u00ean d\u1ee5ng.<\/p><p><b>3. X\u00e9t nghi\u1ec7m (n\u1ebfu c\u1ea7n)<\/b>:<\/p><p><b>X-quang<\/b>: \u0110\u1ec3 \u0111\u00e1nh gi\u00e1 t\u00ecnh tr\u1ea1ng r\u0103ng b\u00ean d\u01b0\u1edbi n\u01b0\u1edbu, ph\u00e1t hi\u1ec7n c\u00e1c v\u1ea5n \u0111\u1ec1 nh\u01b0 s\u00e2u r\u0103ng, vi\u00eam t\u1ee7y, ho\u1eb7c c\u00e1c kh\u1ed1i u.<\/p><p><b>X\u00e9t nghi\u1ec7m m\u00e1u:<\/b> \u0110\u1ec3 \u0111\u00e1nh gi\u00e1 s\u1ee9c kh\u1ecfe t\u1ed5ng th\u1ec3 c\u1ee7a th\u00fa c\u01b0ng tr\u01b0\u1edbc khi ti\u1ebfn h\u00e0nh c\u00e1c th\u1ee7 thu\u1eadt nha khoa.<\/p><p><b>4. \u0110i\u1ec1u tr\u1ecb (n\u1ebfu c\u1ea7n)<\/b>:<\/p><p><b>Nh\u1ed5 r\u0103ng<\/b>: N\u1ebfu r\u0103ng b\u1ecb h\u01b0 h\u1ecfng qu\u00e1 n\u1eb7ng, b\u00e1c s\u0129 th\u00fa y s\u1ebd ti\u1ebfn h\u00e0nh nh\u1ed5 r\u0103ng.<\/p><p><b>Tr\u00e1m r\u0103ng<\/b>: \u0110\u1ec3 s\u1eeda ch\u1eefa c\u00e1c l\u1ed7 s\u00e2u r\u0103ng.<\/p><p><b>\u0110i\u1ec1u tr\u1ecb vi\u00eam n\u01b0\u1edbu<\/b>: S\u1eed d\u1ee5ng c\u00e1c lo\u1ea1i thu\u1ed1c kh\u00e1ng sinh, kh\u00e1ng vi\u00eam \u0111\u1ec3 \u0111i\u1ec1u tr\u1ecb vi\u00eam n\u01b0\u1edbu.<\/p>\t\t\t\t\t\t\t\t<\/div>\n\t\t\t\t\t<\/div>\n\t\t\t\t<\/div>\n\t\t<div class=\"elementor-element elementor-element-87dd0c8 e-flex e-con-boxed e-con e-parent\" data-id=\"87dd0c8\" data-element_type=\"container\" data-e-type=\"container\" data-settings=\"{&quot;background_background&quot;:&quot;classic&quot;}\">\n\t\t\t\t\t<div class=\"e-con-inner\">\n\t\t\t\t<div class=\"elementor-element elementor-element-e3e3c00 animated-slow elementor-invisible elementor-widget elementor-widget-heading\" data-id=\"e3e3c00\" data-element_type=\"widget\" data-e-type=\"widget\" data-settings=\"{&quot;_animation&quot;:&quot;fadeInUp&quot;}\" data-widget_type=\"heading.default\">\n\t\t\t\t\t<h2 class=\"elementor-heading-title elementor-size-default\">\u0110\u1eb6T L\u1ecaCH H\u1eb8N TR\u1ef0C TUY\u1ebeN \u0110\u1ec2 \u0110\u01af\u1ee2C PH\u1ee4C V\u1ee4 NGAY KHI \u0110\u1ebeN PH\u00d2NG KH\u00c1M<\/h2>\t\t\t\t<\/div>\n\t\t\t\t\t<\/div>\n\t\t\t\t<\/div>\n\t\t<div class=\"elementor-element elementor-element-4bb32cdb e-con-full e-flex e-con e-parent\" data-id=\"4bb32cdb\" data-element_type=\"container\" data-e-type=\"container\" data-settings=\"{&quot;background_background&quot;:&quot;classic&quot;}\">\n\t\t\t\t<div class=\"elementor-element elementor-element-16783390 elementor-widget elementor-widget-shortcode\" data-id=\"16783390\" data-element_type=\"widget\" data-e-type=\"widget\" data-widget_type=\"shortcode.default\">\n\t\t\t\t\t\t\t<div class=\"elementor-shortcode\"><div class=\"forminator-ui forminator-custom-form forminator-custom-form-355 forminator-design--default  forminator_ajax\" data-forminator-render=\"0\" data-form=\"forminator-module-355\" data-uid=\"69f30d8f7f741\"><br\/><\/div><form\n\t\t\t\tid=\"forminator-module-355\"\n\t\t\t\tclass=\"forminator-ui forminator-custom-form forminator-custom-form-355 forminator-design--default  forminator_ajax\"\n\t\t\t\tmethod=\"post\"\n\t\t\t\tdata-forminator-render=\"0\"\n\t\t\t\tdata-form-id=\"355\"\n\t\t\t\t data-color-option=\"theme\" data-design=\"default\" data-grid=\"open\" style=\"display: none;\"\n\t\t\t\tdata-uid=\"69f30d8f7f741\"\n\t\t\t><div role=\"alert\" aria-live=\"polite\" class=\"forminator-response-message forminator-error\" aria-hidden=\"true\"><\/div><div class=\"forminator-row\"><div id=\"name-1\" class=\"forminator-field-name forminator-col forminator-col-12 \"><div class=\"forminator-field\"><label for=\"forminator-field-name-1_69f30d8f7f741\" id=\"forminator-field-name-1_69f30d8f7f741-label\" class=\"forminator-label\">H\u1ecd v\u00e0 t\u00ean<\/label><input type=\"text\" name=\"name-1\" value=\"\" placeholder=\"H\u1ecd v\u00e0 t\u00ean\" id=\"forminator-field-name-1_69f30d8f7f741\" class=\"forminator-input forminator-name--field\" aria-required=\"false\" autocomplete=\"name\" \/><\/div><\/div><\/div><div class=\"forminator-row\"><div id=\"phone-1\" class=\"forminator-field-phone forminator-col forminator-col-12 \"><div class=\"forminator-field\"><label for=\"forminator-field-phone-1_69f30d8f7f741\" id=\"forminator-field-phone-1_69f30d8f7f741-label\" class=\"forminator-label\">S\u1ed1 \u0111i\u1ec7n tho\u1ea1i<\/label><input type=\"text\" name=\"phone-1\" value=\"\" placeholder=\"S\u1ed1 \u0111i\u1ec7n tho\u1ea1i\" id=\"forminator-field-phone-1_69f30d8f7f741\" class=\"forminator-input forminator-field--phone\" data-required=\"\" aria-required=\"false\" autocomplete=\"off\" \/><\/div><\/div><\/div><div class=\"forminator-row\"><div id=\"date-1\" class=\"forminator-field-date forminator-col forminator-col-12 \"><div class=\"forminator-field\"><label for=\"forminator-field-date-1-picker_69f30d8f7f741\" id=\"forminator-field-date-1-picker_69f30d8f7f741-label\" class=\"forminator-label\">Ng\u00e0y \u0111\u1ebfn kh\u00e1m<\/label><div class=\"forminator-input-with-icon\"><span class=\"forminator-icon-calendar\" aria-hidden=\"true\"><\/span><input autocomplete=\"off\" type=\"text\" size=\"1\" name=\"date-1\" value=\"\" placeholder=\"Ng\u00e0y \u0111\u1ebfn kh\u00e1m\" id=\"forminator-field-date-1-picker_69f30d8f7f741\" class=\"forminator-input forminator-datepicker\" data-required=\"\" data-format=\"dd-mm-yy\" data-restrict-type=\"\" data-restrict=\"\" data-start-year=\"1926\" data-end-year=\"2126\" data-past-dates=\"enable\" data-start-of-week=\"1\" data-start-date=\"\" data-end-date=\"\" data-start-field=\"\" data-end-field=\"\" data-start-offset=\"\" data-end-offset=\"\" data-disable-date=\"\" data-disable-range=\"\" \/><\/div><\/div><\/div><\/div><div class=\"forminator-row\"><div id=\"radio-1\" class=\"forminator-field-radio forminator-col forminator-col-12 \"><div role=\"radiogroup\" class=\"forminator-field\" aria-labelledby=\"forminator-radiogroup-radio-1-69f30d8f7f741-label\"><span id=\"forminator-radiogroup-radio-1-69f30d8f7f741-label\" class=\"forminator-label\">L\u1ef1a ch\u1ecdn d\u1ecbch v\u1ee5 <span class=\"forminator-required\">*<\/span><\/span><label id=\"forminator-field-radio-1-label-1\" for=\"forminator-field-radio-1-1-69f30d8f7f741\" class=\"forminator-radio\" title=\"D\u1ecbch v\u1ee5 ch\u0103m s\u00f3c c\u01a1 b\u1ea3n\"><input type=\"radio\" name=\"radio-1\" value=\"one\" id=\"forminator-field-radio-1-1-69f30d8f7f741\" aria-labelledby=\"forminator-field-radio-1-label-1\" data-calculation=\"0\"   data-hidden-behavior=\"zero\"\/><span class=\"forminator-radio-bullet\" aria-hidden=\"true\"><\/span><span class=\"forminator-radio-label\">D\u1ecbch v\u1ee5 ch\u0103m s\u00f3c c\u01a1 b\u1ea3n<\/span><\/label><label id=\"forminator-field-radio-1-label-2\" for=\"forminator-field-radio-1-2-69f30d8f7f741\" class=\"forminator-radio\" title=\"D\u1ecbch v\u1ee5 ch\u0103m s\u00f3c s\u1ee9c kh\u1ecfe\"><input type=\"radio\" name=\"radio-1\" value=\"two\" id=\"forminator-field-radio-1-2-69f30d8f7f741\" aria-labelledby=\"forminator-field-radio-1-label-2\" data-calculation=\"0\"   data-hidden-behavior=\"zero\"\/><span class=\"forminator-radio-bullet\" aria-hidden=\"true\"><\/span><span class=\"forminator-radio-label\">D\u1ecbch v\u1ee5 ch\u0103m s\u00f3c s\u1ee9c kh\u1ecfe<\/span><\/label><label id=\"forminator-field-radio-1-label-3\" for=\"forminator-field-radio-1-3-69f30d8f7f741\" class=\"forminator-radio\" title=\"D\u1ecbch v\u1ee5 hu\u1ea5n luy\u1ec7n\"><input type=\"radio\" name=\"radio-1\" value=\"D\u1ecbch-v\u1ee5-hu\u1ea5n-luy\u1ec7n\" id=\"forminator-field-radio-1-3-69f30d8f7f741\" aria-labelledby=\"forminator-field-radio-1-label-3\" data-calculation=\"0\"   data-hidden-behavior=\"zero\"\/><span class=\"forminator-radio-bullet\" aria-hidden=\"true\"><\/span><span class=\"forminator-radio-label\">D\u1ecbch v\u1ee5 hu\u1ea5n luy\u1ec7n<\/span><\/label><label id=\"forminator-field-radio-1-label-4\" for=\"forminator-field-radio-1-4-69f30d8f7f741\" class=\"forminator-radio\" title=\"D\u1ecbch v\u1ee5 tr\u00f4ng gi\u1eef v\u00e0 ch\u0103m s\u00f3c t\u1ea1i nh\u00e0\"><input type=\"radio\" name=\"radio-1\" value=\"D\u1ecbch-v\u1ee5-tr\u00f4ng-gi\u1eef-v\u00e0-ch\u0103m-s\u00f3c-t\u1ea1i-nh\u00e0\" id=\"forminator-field-radio-1-4-69f30d8f7f741\" aria-labelledby=\"forminator-field-radio-1-label-4\" data-calculation=\"0\"   data-hidden-behavior=\"zero\"\/><span class=\"forminator-radio-bullet\" aria-hidden=\"true\"><\/span><span class=\"forminator-radio-label\">D\u1ecbch v\u1ee5 tr\u00f4ng gi\u1eef v\u00e0 ch\u0103m s\u00f3c t\u1ea1i nh\u00e0<\/span><\/label><label id=\"forminator-field-radio-1-label-5\" for=\"forminator-field-radio-1-5-69f30d8f7f741\" class=\"forminator-radio\" title=\"D\u1ecbch v\u1ee5 l\u00e0m \u0111\u1eb9p v\u00e0 spa\"><input type=\"radio\" name=\"radio-1\" value=\"D\u1ecbch-v\u1ee5-l\u00e0m-\u0111\u1eb9p-v\u00e0-spa\" id=\"forminator-field-radio-1-5-69f30d8f7f741\" aria-labelledby=\"forminator-field-radio-1-label-5\" data-calculation=\"0\"   data-hidden-behavior=\"zero\"\/><span class=\"forminator-radio-bullet\" aria-hidden=\"true\"><\/span><span class=\"forminator-radio-label\">D\u1ecbch v\u1ee5 l\u00e0m \u0111\u1eb9p v\u00e0 spa<\/span><\/label><label id=\"forminator-field-radio-1-label-6\" for=\"forminator-field-radio-1-6-69f30d8f7f741\" class=\"forminator-radio\" title=\"D\u1ecbch v\u1ee5 dinh d\u01b0\u1ee1ng\"><input type=\"radio\" name=\"radio-1\" value=\"D\u1ecbch-v\u1ee5-dinh-d\u01b0\u1ee1ng\" id=\"forminator-field-radio-1-6-69f30d8f7f741\" aria-labelledby=\"forminator-field-radio-1-label-6\" data-calculation=\"0\"   data-hidden-behavior=\"zero\"\/><span class=\"forminator-radio-bullet\" aria-hidden=\"true\"><\/span><span class=\"forminator-radio-label\">D\u1ecbch v\u1ee5 dinh d\u01b0\u1ee1ng<\/span><\/label><\/div><\/div><\/div><input type=\"hidden\" name=\"referer_url\" value=\"\" \/><div class=\"forminator-row forminator-row-last\"><div class=\"forminator-col\"><div class=\"forminator-field\"><button class=\"forminator-button forminator-button-submit\">\u0110\u1eb6T L\u1ecaCH KH&Aacute;M<\/button><\/div><\/div><\/div><input type=\"hidden\" id=\"forminator_nonce\" name=\"forminator_nonce\" value=\"b4d716e79f\" \/><input type=\"hidden\" name=\"_wp_http_referer\" value=\"\/index.php\/wp-json\/wp\/v2\/pages\/104\" \/><input type=\"hidden\" name=\"form_id\" value=\"355\"><input type=\"hidden\" name=\"page_id\" value=\"104\"><input type=\"hidden\" name=\"form_type\" value=\"default\"><input type=\"hidden\" name=\"current_url\" value=\"https:\/\/hanhtrinhkydieu.id.vn\/index.php\/dich-vu-nha-khoa\/\"><input type=\"hidden\" name=\"render_id\" value=\"0\"><input type=\"hidden\" name=\"action\" value=\"forminator_submit_form_custom-forms\"><\/form><\/div>\n\t\t\t\t\t\t<\/div>\n\t\t\t\t<\/div>\n\t\t\t\t<\/div>\n\t\t","protected":false},"excerpt":{"rendered":"<p>NHA KHOA T\u1ea1i sao nha khoa th\u00fa c\u01b0ng l\u1ea1i quan tr\u1ecdng? Vi\u00eam n\u01b0\u1edbu, s\u00e2u r\u0103ng: G\u00e2y \u0111au nh\u1ee9c, kh\u00f3 ch\u1ecbu cho th\u00fa c\u01b0ng. M\u1ea5t r\u0103ng: \u1ea2nh h\u01b0\u1edfng \u0111\u1ebfn kh\u1ea3 n\u0103ng \u0103n u\u1ed1ng v\u00e0 ti\u00eau h\u00f3a. Nhi\u1ec5m tr\u00f9ng: Vi khu\u1ea9n t\u1eeb mi\u1ec7ng c\u00f3 th\u1ec3 lan sang c\u00e1c c\u01a1 quan kh\u00e1c, g\u00e2y ra c\u00e1c b\u1ec7nh nghi\u00eam tr\u1ecdng&#8230;.<\/p>\n","protected":false},"author":1,"featured_media":0,"parent":0,"menu_order":0,"comment_status":"closed","ping_status":"closed","template":"","meta":{"_kadence_starter_templates_imported_post":false,"_kad_post_transparent":"","_kad_post_title":"hide","_kad_post_layout":"fullwidth","_kad_post_sidebar_id":"","_kad_post_content_style":"unboxed","_kad_post_vertical_padding":"hide","_kad_post_feature":"hide","_kad_post_feature_position":"","_kad_post_header":false,"_kad_post_footer":false,"_kad_post_classname":"","footnotes":""},"class_list":["post-104","page","type-page","status-publish","hentry"],"_links":{"self":[{"href":"https:\/\/hanhtrinhkydieu.id.vn\/index.php\/wp-json\/wp\/v2\/pages\/104","targetHints":{"allow":["GET"]}}],"collection":[{"href":"https:\/\/hanhtrinhkydieu.id.vn\/index.php\/wp-json\/wp\/v2\/pages"}],"about":[{"href":"https:\/\/hanhtrinhkydieu.id.vn\/index.php\/wp-json\/wp\/v2\/types\/page"}],"author":[{"embeddable":true,"href":"https:\/\/hanhtrinhkydieu.id.vn\/index.php\/wp-json\/wp\/v2\/users\/1"}],"replies":[{"embeddable":true,"href":"https:\/\/hanhtrinhkydieu.id.vn\/index.php\/wp-json\/wp\/v2\/comments?post=104"}],"version-history":[{"count":4,"href":"https:\/\/hanhtrinhkydieu.id.vn\/index.php\/wp-json\/wp\/v2\/pages\/104\/revisions"}],"predecessor-version":[{"id":509,"href":"https:\/\/hanhtrinhkydieu.id.vn\/index.php\/wp-json\/wp\/v2\/pages\/104\/revisions\/509"}],"wp:attachment":[{"href":"https:\/\/hanhtrinhkydieu.id.vn\/index.php\/wp-json\/wp\/v2\/media?parent=104"}],"curies":[{"name":"wp","href":"https:\/\/api.w.org\/{rel}","templated":true}]}}