{"id":92,"date":"2024-12-09T03:56:10","date_gmt":"2024-12-09T03:56:10","guid":{"rendered":"https:\/\/hanhtrinhkydieu.id.vn\/?page_id=92"},"modified":"2024-12-12T07:37:09","modified_gmt":"2024-12-12T07:37:09","slug":"tam-rua-va-chai-long","status":"publish","type":"page","link":"https:\/\/hanhtrinhkydieu.id.vn\/index.php\/tam-rua-va-chai-long\/","title":{"rendered":"T\u1eafm r\u1eeda v\u00e0 ch\u1ea3i l\u00f4ng"},"content":{"rendered":"\t\t<div data-elementor-type=\"wp-page\" data-elementor-id=\"92\" class=\"elementor elementor-92\">\n\t\t\t\t<div class=\"elementor-element elementor-element-746f287 e-flex e-con-boxed e-con e-parent\" data-id=\"746f287\" data-element_type=\"container\" data-e-type=\"container\" data-settings=\"{&quot;background_background&quot;:&quot;classic&quot;}\">\n\t\t\t\t\t<div class=\"e-con-inner\">\n\t\t\t\t<div class=\"elementor-element elementor-element-b58b2a7 animated-slow elementor-invisible elementor-widget elementor-widget-heading\" data-id=\"b58b2a7\" data-element_type=\"widget\" data-e-type=\"widget\" data-settings=\"{&quot;_animation&quot;:&quot;fadeInUp&quot;}\" data-widget_type=\"heading.default\">\n\t\t\t\t\t<h2 class=\"elementor-heading-title elementor-size-default\">T\u1eaeM R\u1eecA V\u00c0 CH\u1ea2I L\u00d4NG<\/h2>\t\t\t\t<\/div>\n\t\t\t\t\t<\/div>\n\t\t\t\t<\/div>\n\t\t<div class=\"elementor-element elementor-element-3ac446d e-flex e-con-boxed e-con e-parent\" data-id=\"3ac446d\" data-element_type=\"container\" data-e-type=\"container\">\n\t\t\t\t\t<div class=\"e-con-inner\">\n\t\t<div class=\"elementor-element elementor-element-3fed215 e-con-full e-flex e-con e-child\" data-id=\"3fed215\" data-element_type=\"container\" data-e-type=\"container\">\n\t\t\t\t<div class=\"elementor-element elementor-element-3191110 elementor-widget elementor-widget-image\" data-id=\"3191110\" data-element_type=\"widget\" data-e-type=\"widget\" data-widget_type=\"image.default\">\n\t\t\t\t\t\t\t\t\t\t\t\t\t\t\t<img decoding=\"async\" width=\"267\" height=\"177\" src=\"https:\/\/hanhtrinhkydieu.id.vn\/wp-content\/uploads\/2024\/12\/1045b49fb0010a5f5310.jpg\" class=\"attachment-large size-large wp-image-486\" alt=\"\" srcset=\"https:\/\/hanhtrinhkydieu.id.vn\/wp-content\/uploads\/2024\/12\/1045b49fb0010a5f5310.jpg 267w, https:\/\/hanhtrinhkydieu.id.vn\/wp-content\/uploads\/2024\/12\/1045b49fb0010a5f5310-24x16.jpg 24w, https:\/\/hanhtrinhkydieu.id.vn\/wp-content\/uploads\/2024\/12\/1045b49fb0010a5f5310-36x24.jpg 36w, https:\/\/hanhtrinhkydieu.id.vn\/wp-content\/uploads\/2024\/12\/1045b49fb0010a5f5310-48x32.jpg 48w\" sizes=\"(max-width: 267px) 100vw, 267px\" \/>\t\t\t\t\t\t\t\t\t\t\t\t\t\t\t<\/div>\n\t\t\t\t<\/div>\n\t\t<div class=\"elementor-element elementor-element-345bb86 e-con-full e-flex e-con e-child\" data-id=\"345bb86\" data-element_type=\"container\" data-e-type=\"container\">\n\t\t\t\t<div class=\"elementor-element elementor-element-5647573 animated-slow elementor-invisible elementor-widget elementor-widget-heading\" data-id=\"5647573\" data-element_type=\"widget\" data-e-type=\"widget\" data-settings=\"{&quot;_animation&quot;:&quot;fadeInUp&quot;}\" data-widget_type=\"heading.default\">\n\t\t\t\t\t<h2 class=\"elementor-heading-title elementor-size-default\">T\u1ea1i Sao C\u1ea7n T\u1eafm R\u1eeda V\u00e0 Ch\u1ea3i L\u00f4ng \u0110\u1ecbnh K\u1ef3 Cho Th\u00fa C\u01b0ng ?<\/h2>\t\t\t\t<\/div>\n\t\t\t\t<div class=\"elementor-element elementor-element-c68a61f elementor-icon-list--layout-traditional elementor-list-item-link-full_width elementor-widget elementor-widget-icon-list\" data-id=\"c68a61f\" data-element_type=\"widget\" data-e-type=\"widget\" data-widget_type=\"icon-list.default\">\n\t\t\t\t\t\t\t<ul class=\"elementor-icon-list-items\">\n\t\t\t\t\t\t\t<li class=\"elementor-icon-list-item\">\n\t\t\t\t\t\t\t\t\t\t<span class=\"elementor-icon-list-text\"><b>Lo\u1ea1i b\u1ecf b\u1ee5i b\u1ea9n, m\u1ea3ng b\u00e1m<\/b>: T\u1eafm gi\u00fap l\u00e0m s\u1ea1ch da v\u00e0 l\u00f4ng, ng\u0103n ng\u1eeba vi khu\u1ea9n v\u00e0 m\u1ea3ng b\u00e1m t\u00edch t\u1ee5, \u0111\u1ed3ng th\u1eddi gi\u00fap da th\u00fa c\u01b0ng kh\u1ecfe m\u1ea1nh.<\/span>\n\t\t\t\t\t\t\t\t\t<\/li>\n\t\t\t\t\t\t\t\t<li class=\"elementor-icon-list-item\">\n\t\t\t\t\t\t\t\t\t\t<span class=\"elementor-icon-list-text\"><b>Gi\u1ea3m nguy c\u01a1 r\u1ee5ng l\u00f4ng<\/b>: Ch\u1ea3i l\u00f4ng th\u01b0\u1eddng xuy\u00ean gi\u00fap lo\u1ea1i b\u1ecf l\u00f4ng r\u1ee5ng, ng\u0103n ng\u1eeba t\u00ecnh tr\u1ea1ng t\u1eafc ngh\u1ebdn l\u00f4ng v\u00e0 c\u1ea3i thi\u1ec7n \u0111\u1ed9 b\u00f3ng m\u01b0\u1ee3t c\u1ee7a l\u00f4ng<\/span>\n\t\t\t\t\t\t\t\t\t<\/li>\n\t\t\t\t\t\t\t\t<li class=\"elementor-icon-list-item\">\n\t\t\t\t\t\t\t\t\t\t<span class=\"elementor-icon-list-text\"><b>Ki\u1ec3m tra s\u1ee9c kh\u1ecfe da<\/b>: Trong qu\u00e1 tr\u00ecnh t\u1eafm v\u00e0 ch\u1ea3i l\u00f4ng, b\u1ea1n c\u00f3 th\u1ec3 ph\u00e1t hi\u1ec7n s\u1edbm c\u00e1c v\u1ea5n \u0111\u1ec1 s\u1ee9c kh\u1ecfe nh\u01b0 vi\u00eam da, k\u00fd sinh tr\u00f9ng hay c\u00e1c v\u1ebft th\u01b0\u01a1ng nh\u1ecf m\u00e0 th\u00fa c\u01b0ng c\u00f3 th\u1ec3 m\u1eafc ph\u1ea3i<\/span>\n\t\t\t\t\t\t\t\t\t<\/li>\n\t\t\t\t\t\t<\/ul>\n\t\t\t\t\t\t<\/div>\n\t\t\t\t<\/div>\n\t\t\t\t\t<\/div>\n\t\t\t\t<\/div>\n\t\t<div class=\"elementor-element elementor-element-c78311f e-flex e-con-boxed e-con e-parent\" data-id=\"c78311f\" data-element_type=\"container\" data-e-type=\"container\" data-settings=\"{&quot;background_background&quot;:&quot;classic&quot;}\">\n\t\t\t\t\t<div class=\"e-con-inner\">\n\t\t\t\t<div class=\"elementor-element elementor-element-6c7d524 animated-slow elementor-invisible elementor-widget elementor-widget-heading\" data-id=\"6c7d524\" data-element_type=\"widget\" data-e-type=\"widget\" data-settings=\"{&quot;_animation&quot;:&quot;fadeInUp&quot;}\" data-widget_type=\"heading.default\">\n\t\t\t\t\t<h2 class=\"elementor-heading-title elementor-size-default\">B\u1ea1n C\u00f3 Th\u1ec3 Ch\u01b0a Bi\u1ebft<\/h2>\t\t\t\t<\/div>\n\t\t\t\t\t<\/div>\n\t\t\t\t<\/div>\n\t\t<div class=\"elementor-element elementor-element-f413eb7 e-flex e-con-boxed e-con e-parent\" data-id=\"f413eb7\" data-element_type=\"container\" data-e-type=\"container\">\n\t\t\t\t\t<div class=\"e-con-inner\">\n\t\t\t\t<div class=\"elementor-element elementor-element-797e424 elementor-icon-list--layout-traditional elementor-list-item-link-full_width elementor-widget elementor-widget-icon-list\" data-id=\"797e424\" data-element_type=\"widget\" data-e-type=\"widget\" data-widget_type=\"icon-list.default\">\n\t\t\t\t\t\t\t<ul class=\"elementor-icon-list-items\">\n\t\t\t\t\t\t\t<li class=\"elementor-icon-list-item\">\n\t\t\t\t\t\t\t\t\t\t<span class=\"elementor-icon-list-text\"><span style=\"font-size: medium\"><b>Ch\u1ea3i l\u00f4ng kh\u00f4ng ch\u1ec9 l\u00e0 v\u1ec7 sinh<\/b>: Ch\u1ea3i l\u00f4ng \u0111\u1ec1u \u0111\u1eb7n gi\u00fap c\u1ea3i thi\u1ec7n tu\u1ea7n ho\u00e0n m\u00e1u, gi\u1ea3m stress cho th\u00fa c\u01b0ng v\u00e0 t\u1ea1o m\u1ed9t m\u1ed1i li\u00ean k\u1ebft g\u1ea7n g\u0169i gi\u1eefa b\u1ea1n v\u00e0 v\u1eadt nu\u00f4i.<\/span><\/span>\n\t\t\t\t\t\t\t\t\t<\/li>\n\t\t\t\t\t\t\t\t<li class=\"elementor-icon-list-item\">\n\t\t\t\t\t\t\t\t\t\t<span class=\"elementor-icon-list-text\"><b>Kh\u00f4ng ph\u1ea3i ch\u1ec9 ch\u00f3 m\u1edbi c\u1ea7n t\u1eafm<\/b>: M\u00e8o c\u0169ng c\u1ea7n t\u1eafm \u0111\u1ecbnh k\u1ef3, \u0111\u1eb7c bi\u1ec7t v\u1edbi nh\u1eefng gi\u1ed1ng m\u00e8o c\u00f3 l\u00f4ng d\u00e0i nh\u01b0 Persians hay Maine Coon, khi l\u00f4ng d\u1ec5 b\u1ecb r\u1ed1i v\u00e0 g\u00e2y kh\u00f3 ch\u1ecbu cho ch\u00fang<\/span>\n\t\t\t\t\t\t\t\t\t<\/li>\n\t\t\t\t\t\t\t\t<li class=\"elementor-icon-list-item\">\n\t\t\t\t\t\t\t\t\t\t<span class=\"elementor-icon-list-text\"><b>Ch\u00f3 v\u00e0 m\u00e8o c\u00f3 th\u1ec3 b\u1ecb d\u1ecb \u1ee9ng da<\/b>: Vi\u1ec7c v\u1ec7 sinh k\u00e9m c\u00f3 th\u1ec3 d\u1eabn \u0111\u1ebfn c\u00e1c v\u1ea5n \u0111\u1ec1 da nh\u01b0 vi\u00eam, ng\u1ee9a, ho\u1eb7c d\u1ecb \u1ee9ng. M\u1ed9t quy tr\u00ecnh t\u1eafm v\u00e0 ch\u0103m s\u00f3c l\u00f4ng t\u1ed1t s\u1ebd gi\u00fap gi\u1ea3m nguy c\u01a1 n\u00e0y.<\/span>\n\t\t\t\t\t\t\t\t\t<\/li>\n\t\t\t\t\t\t<\/ul>\n\t\t\t\t\t\t<\/div>\n\t\t\t\t\t<\/div>\n\t\t\t\t<\/div>\n\t\t<div class=\"elementor-element elementor-element-17d1541 e-flex e-con-boxed e-con e-parent\" data-id=\"17d1541\" data-element_type=\"container\" data-e-type=\"container\" data-settings=\"{&quot;background_background&quot;:&quot;classic&quot;}\">\n\t\t\t\t\t<div class=\"e-con-inner\">\n\t\t\t\t<div class=\"elementor-element elementor-element-c861663 animated-slow elementor-invisible elementor-widget elementor-widget-heading\" data-id=\"c861663\" data-element_type=\"widget\" data-e-type=\"widget\" data-settings=\"{&quot;_animation&quot;:&quot;fadeInUp&quot;}\" data-widget_type=\"heading.default\">\n\t\t\t\t\t<h2 class=\"elementor-heading-title elementor-size-default\">Quy Tr\u00ecnh T\u1eafm R\u1eeda V\u00e0 Ch\u1ea3i L\u00f4ng Cho Th\u00fa C\u01b0ng<\/h2>\t\t\t\t<\/div>\n\t\t\t\t\t<\/div>\n\t\t\t\t<\/div>\n\t\t<div class=\"elementor-element elementor-element-7e35f4e e-flex e-con-boxed e-con e-parent\" data-id=\"7e35f4e\" data-element_type=\"container\" data-e-type=\"container\">\n\t\t\t\t\t<div class=\"e-con-inner\">\n\t\t\t\t<div class=\"elementor-element elementor-element-9140e36 elementor-icon-list--layout-traditional elementor-list-item-link-full_width elementor-widget elementor-widget-icon-list\" data-id=\"9140e36\" data-element_type=\"widget\" data-e-type=\"widget\" data-widget_type=\"icon-list.default\">\n\t\t\t\t\t\t\t<ul class=\"elementor-icon-list-items\">\n\t\t\t\t\t\t\t<li class=\"elementor-icon-list-item\">\n\t\t\t\t\t\t\t\t\t\t<span class=\"elementor-icon-list-text\"><b>1. Ki\u1ec3m tra t\u00ecnh tr\u1ea1ng l\u00f4ng v\u00e0 da<\/b>: Tr\u01b0\u1edbc khi t\u1eafm, k\u1ef9 thu\u1eadt vi\u00ean s\u1ebd ki\u1ec3m tra t\u00ecnh tr\u1ea1ng da v\u00e0 l\u00f4ng c\u1ee7a th\u00fa c\u01b0ng \u0111\u1ec3 x\u00e1c \u0111\u1ecbnh c\u00f3 c\u1ea7n x\u1eed l\u00fd \u0111\u1eb7c bi\u1ec7t (nh\u01b0 t\u1ea9y b\u1ecd ch\u00e9t, tr\u1ecb vi\u00eam da) hay kh\u00f4ng.<\/span>\n\t\t\t\t\t\t\t\t\t<\/li>\n\t\t\t\t\t\t\t\t<li class=\"elementor-icon-list-item\">\n\t\t\t\t\t\t\t\t\t\t<span class=\"elementor-icon-list-text\"><b>2. Ch\u1ea3i l\u00f4ng tr\u01b0\u1edbc khi t\u1eafm:<\/b> Ch\u1ea3i l\u00f4ng gi\u00fap g\u1ee1 r\u1ed1i, lo\u1ea1i b\u1ecf l\u00f4ng r\u1ee5ng v\u00e0 b\u1ee5i b\u1ea9n b\u00e1m tr\u00ean l\u00f4ng, gi\u00fap qu\u00e1 tr\u00ecnh t\u1eafm hi\u1ec7u qu\u1ea3 h\u01a1n.<\/span>\n\t\t\t\t\t\t\t\t\t<\/li>\n\t\t\t\t\t\t\t\t<li class=\"elementor-icon-list-item\">\n\t\t\t\t\t\t\t\t\t\t<span class=\"elementor-icon-list-text\"><b>3. T\u1eafm v\u00e0 x\u1ea3: <\/b>S\u1eed d\u1ee5ng c\u00e1c lo\u1ea1i d\u1ea7u g\u1ed9i chuy\u00ean d\u1ee5ng cho ch\u00f3 ho\u1eb7c m\u00e8o, gi\u00fap l\u00e0m s\u1ea1ch v\u00e0 nu\u00f4i d\u01b0\u1ee1ng da l\u00f4ng.<\/span>\n\t\t\t\t\t\t\t\t\t<\/li>\n\t\t\t\t\t\t<\/ul>\n\t\t\t\t\t\t<\/div>\n\t\t\t\t\t<\/div>\n\t\t\t\t<\/div>\n\t\t<div class=\"elementor-element elementor-element-a890a8b e-flex e-con-boxed e-con e-parent\" data-id=\"a890a8b\" data-element_type=\"container\" data-e-type=\"container\" data-settings=\"{&quot;background_background&quot;:&quot;classic&quot;}\">\n\t\t\t\t\t<div class=\"e-con-inner\">\n\t\t\t\t<div class=\"elementor-element elementor-element-d8b566a animated-slow elementor-invisible elementor-widget elementor-widget-heading\" data-id=\"d8b566a\" data-element_type=\"widget\" data-e-type=\"widget\" data-settings=\"{&quot;_animation&quot;:&quot;fadeInUp&quot;}\" data-widget_type=\"heading.default\">\n\t\t\t\t\t<h2 class=\"elementor-heading-title elementor-size-default\">C\u00e1c C\u00e2u H\u1ecfi Th\u01b0\u1eddng G\u1eb7p<\/h2>\t\t\t\t<\/div>\n\t\t\t\t\t<\/div>\n\t\t\t\t<\/div>\n\t\t<div class=\"elementor-element elementor-element-269fa8c e-flex e-con-boxed e-con e-parent\" data-id=\"269fa8c\" data-element_type=\"container\" data-e-type=\"container\">\n\t\t\t\t\t<div class=\"e-con-inner\">\n\t\t\t\t<div class=\"elementor-element elementor-element-6d99c73 elementor-icon-list--layout-traditional elementor-list-item-link-full_width elementor-widget elementor-widget-icon-list\" data-id=\"6d99c73\" data-element_type=\"widget\" data-e-type=\"widget\" data-widget_type=\"icon-list.default\">\n\t\t\t\t\t\t\t<ul class=\"elementor-icon-list-items\">\n\t\t\t\t\t\t\t<li class=\"elementor-icon-list-item\">\n\t\t\t\t\t\t\t\t\t\t<span class=\"elementor-icon-list-text\"><b>C\u00f3 c\u1ea7n t\u1eafm cho th\u00fa c\u01b0ng m\u1ed7i tu\u1ea7n kh\u00f4ng?<\/b> <br>Kh\u00f4ng nh\u1ea5t thi\u1ebft. T\u00f9y thu\u1ed9c v\u00e0o gi\u1ed1ng lo\u00e0i v\u00e0 m\u1ee9c \u0111\u1ed9 ho\u1ea1t \u0111\u1ed9ng, b\u1ea1n c\u00f3 th\u1ec3 t\u1eafm cho th\u00fa c\u01b0ng t\u1eeb 2-4 tu\u1ea7n m\u1ed9t l\u1ea7n. Tuy nhi\u00ean, n\u1ebfu th\u00fa c\u01b0ng c\u00f3 m\u00f9i h\u00f4i ho\u1eb7c l\u00f4ng b\u1ea9n, b\u1ea1n n\u00ean t\u1eafm ngay.<\/span>\n\t\t\t\t\t\t\t\t\t<\/li>\n\t\t\t\t\t\t\t\t<li class=\"elementor-icon-list-item\">\n\t\t\t\t\t\t\t\t\t\t<span class=\"elementor-icon-list-text\"><b>Th\u00fa c\u01b0ng c\u00f3 c\u1ea7n ch\u1ea3i l\u00f4ng h\u00e0ng ng\u00e0y kh\u00f4ng?<\/b><br>C\u00e1c gi\u1ed1ng ch\u00f3, m\u00e8o c\u00f3 l\u00f4ng d\u00e0i ho\u1eb7c d\u1ec5 r\u1ed1i c\u1ea7n \u0111\u01b0\u1ee3c ch\u1ea3i l\u00f4ng h\u00e0ng ng\u00e0y \u0111\u1ec3 tr\u00e1nh b\u1ecb r\u1ed1i v\u00e0 gi\u1ea3m t\u00ecnh tr\u1ea1ng r\u1ee5ng l\u00f4ng.<\/span>\n\t\t\t\t\t\t\t\t\t<\/li>\n\t\t\t\t\t\t\t\t<li class=\"elementor-icon-list-item\">\n\t\t\t\t\t\t\t\t\t\t<span class=\"elementor-icon-list-text\"><b>C\u00f3 th\u1ec3 t\u1ef1 t\u1eafm cho th\u00fa c\u01b0ng t\u1ea1i nh\u00e0  kh\u00f4ng?<\/b><br>Ho\u00e0n to\u00e0n c\u00f3 th\u1ec3! Tuy nhi\u00ean, n\u1ebfu b\u1ea1n kh\u00f4ng t\u1ef1 tin, h\u00e3y ch\u1ecdn d\u1ecbch v\u1ee5 chuy\u00ean nghi\u1ec7p \u0111\u1ec3 \u0111\u1ea3m b\u1ea3o s\u1ee9c kh\u1ecfe v\u00e0 s\u1ef1 tho\u1ea3i m\u00e1i cho th\u00fa c\u01b0ng.<\/span>\n\t\t\t\t\t\t\t\t\t<\/li>\n\t\t\t\t\t\t<\/ul>\n\t\t\t\t\t\t<\/div>\n\t\t\t\t\t<\/div>\n\t\t\t\t<\/div>\n\t\t<div class=\"elementor-element elementor-element-9356593 e-flex e-con-boxed e-con e-parent\" data-id=\"9356593\" data-element_type=\"container\" data-e-type=\"container\" data-settings=\"{&quot;background_background&quot;:&quot;classic&quot;}\">\n\t\t\t\t\t<div class=\"e-con-inner\">\n\t\t\t\t<div class=\"elementor-element elementor-element-76ac508 animated-slow elementor-invisible elementor-widget elementor-widget-heading\" data-id=\"76ac508\" data-element_type=\"widget\" data-e-type=\"widget\" data-settings=\"{&quot;_animation&quot;:&quot;fadeInUp&quot;}\" data-widget_type=\"heading.default\">\n\t\t\t\t\t<h2 class=\"elementor-heading-title elementor-size-default\">\u0110\u1eb6T L\u1ecaCH H\u1eb8N TR\u1ef0C TUY\u1ebeN \u0110\u1ec2 \u0110\u01af\u1ee2C PH\u1ee4C V\u1ee4 NGAY KHI \u0110\u1ebeN PH\u00d2NG KH\u00c1M\n<\/h2>\t\t\t\t<\/div>\n\t\t\t\t\t<\/div>\n\t\t\t\t<\/div>\n\t\t<div class=\"elementor-element elementor-element-4a61b14 e-con-full e-flex e-con e-parent\" data-id=\"4a61b14\" data-element_type=\"container\" data-e-type=\"container\" data-settings=\"{&quot;background_background&quot;:&quot;classic&quot;}\">\n\t\t\t\t<div class=\"elementor-element elementor-element-4a2409c1 elementor-widget elementor-widget-shortcode\" data-id=\"4a2409c1\" data-element_type=\"widget\" data-e-type=\"widget\" data-widget_type=\"shortcode.default\">\n\t\t\t\t\t\t\t<div class=\"elementor-shortcode\"><div class=\"forminator-ui forminator-custom-form forminator-custom-form-355 forminator-design--default  forminator_ajax\" data-forminator-render=\"0\" data-form=\"forminator-module-355\" data-uid=\"69ee2c8ee2e32\"><br\/><\/div><form\n\t\t\t\tid=\"forminator-module-355\"\n\t\t\t\tclass=\"forminator-ui forminator-custom-form forminator-custom-form-355 forminator-design--default  forminator_ajax\"\n\t\t\t\tmethod=\"post\"\n\t\t\t\tdata-forminator-render=\"0\"\n\t\t\t\tdata-form-id=\"355\"\n\t\t\t\t data-color-option=\"theme\" data-design=\"default\" data-grid=\"open\" style=\"display: none;\"\n\t\t\t\tdata-uid=\"69ee2c8ee2e32\"\n\t\t\t><div role=\"alert\" aria-live=\"polite\" class=\"forminator-response-message forminator-error\" aria-hidden=\"true\"><\/div><div class=\"forminator-row\"><div id=\"name-1\" class=\"forminator-field-name forminator-col forminator-col-12 \"><div class=\"forminator-field\"><label for=\"forminator-field-name-1_69ee2c8ee2e32\" id=\"forminator-field-name-1_69ee2c8ee2e32-label\" class=\"forminator-label\">H\u1ecd v\u00e0 t\u00ean<\/label><input type=\"text\" name=\"name-1\" value=\"\" placeholder=\"H\u1ecd v\u00e0 t\u00ean\" id=\"forminator-field-name-1_69ee2c8ee2e32\" class=\"forminator-input forminator-name--field\" aria-required=\"false\" autocomplete=\"name\" \/><\/div><\/div><\/div><div class=\"forminator-row\"><div id=\"phone-1\" class=\"forminator-field-phone forminator-col forminator-col-12 \"><div class=\"forminator-field\"><label for=\"forminator-field-phone-1_69ee2c8ee2e32\" id=\"forminator-field-phone-1_69ee2c8ee2e32-label\" class=\"forminator-label\">S\u1ed1 \u0111i\u1ec7n tho\u1ea1i<\/label><input type=\"text\" name=\"phone-1\" value=\"\" placeholder=\"S\u1ed1 \u0111i\u1ec7n tho\u1ea1i\" id=\"forminator-field-phone-1_69ee2c8ee2e32\" class=\"forminator-input forminator-field--phone\" data-required=\"\" aria-required=\"false\" autocomplete=\"off\" \/><\/div><\/div><\/div><div class=\"forminator-row\"><div id=\"date-1\" class=\"forminator-field-date forminator-col forminator-col-12 \"><div class=\"forminator-field\"><label for=\"forminator-field-date-1-picker_69ee2c8ee2e32\" id=\"forminator-field-date-1-picker_69ee2c8ee2e32-label\" class=\"forminator-label\">Ng\u00e0y \u0111\u1ebfn kh\u00e1m<\/label><div class=\"forminator-input-with-icon\"><span class=\"forminator-icon-calendar\" aria-hidden=\"true\"><\/span><input autocomplete=\"off\" type=\"text\" size=\"1\" name=\"date-1\" value=\"\" placeholder=\"Ng\u00e0y \u0111\u1ebfn kh\u00e1m\" id=\"forminator-field-date-1-picker_69ee2c8ee2e32\" class=\"forminator-input forminator-datepicker\" data-required=\"\" data-format=\"dd-mm-yy\" data-restrict-type=\"\" data-restrict=\"\" data-start-year=\"1926\" data-end-year=\"2126\" data-past-dates=\"enable\" data-start-of-week=\"1\" data-start-date=\"\" data-end-date=\"\" data-start-field=\"\" data-end-field=\"\" data-start-offset=\"\" data-end-offset=\"\" data-disable-date=\"\" data-disable-range=\"\" \/><\/div><\/div><\/div><\/div><div class=\"forminator-row\"><div id=\"radio-1\" class=\"forminator-field-radio forminator-col forminator-col-12 \"><div role=\"radiogroup\" class=\"forminator-field\" aria-labelledby=\"forminator-radiogroup-radio-1-69ee2c8ee2e32-label\"><span id=\"forminator-radiogroup-radio-1-69ee2c8ee2e32-label\" class=\"forminator-label\">L\u1ef1a ch\u1ecdn d\u1ecbch v\u1ee5 <span class=\"forminator-required\">*<\/span><\/span><label id=\"forminator-field-radio-1-label-1\" for=\"forminator-field-radio-1-1-69ee2c8ee2e32\" class=\"forminator-radio\" title=\"D\u1ecbch v\u1ee5 ch\u0103m s\u00f3c c\u01a1 b\u1ea3n\"><input type=\"radio\" name=\"radio-1\" value=\"one\" id=\"forminator-field-radio-1-1-69ee2c8ee2e32\" aria-labelledby=\"forminator-field-radio-1-label-1\" data-calculation=\"0\"   data-hidden-behavior=\"zero\"\/><span class=\"forminator-radio-bullet\" aria-hidden=\"true\"><\/span><span class=\"forminator-radio-label\">D\u1ecbch v\u1ee5 ch\u0103m s\u00f3c c\u01a1 b\u1ea3n<\/span><\/label><label id=\"forminator-field-radio-1-label-2\" for=\"forminator-field-radio-1-2-69ee2c8ee2e32\" class=\"forminator-radio\" title=\"D\u1ecbch v\u1ee5 ch\u0103m s\u00f3c s\u1ee9c kh\u1ecfe\"><input type=\"radio\" name=\"radio-1\" value=\"two\" id=\"forminator-field-radio-1-2-69ee2c8ee2e32\" aria-labelledby=\"forminator-field-radio-1-label-2\" data-calculation=\"0\"   data-hidden-behavior=\"zero\"\/><span class=\"forminator-radio-bullet\" aria-hidden=\"true\"><\/span><span class=\"forminator-radio-label\">D\u1ecbch v\u1ee5 ch\u0103m s\u00f3c s\u1ee9c kh\u1ecfe<\/span><\/label><label id=\"forminator-field-radio-1-label-3\" for=\"forminator-field-radio-1-3-69ee2c8ee2e32\" class=\"forminator-radio\" title=\"D\u1ecbch v\u1ee5 hu\u1ea5n luy\u1ec7n\"><input type=\"radio\" name=\"radio-1\" value=\"D\u1ecbch-v\u1ee5-hu\u1ea5n-luy\u1ec7n\" id=\"forminator-field-radio-1-3-69ee2c8ee2e32\" aria-labelledby=\"forminator-field-radio-1-label-3\" data-calculation=\"0\"   data-hidden-behavior=\"zero\"\/><span class=\"forminator-radio-bullet\" aria-hidden=\"true\"><\/span><span class=\"forminator-radio-label\">D\u1ecbch v\u1ee5 hu\u1ea5n luy\u1ec7n<\/span><\/label><label id=\"forminator-field-radio-1-label-4\" for=\"forminator-field-radio-1-4-69ee2c8ee2e32\" class=\"forminator-radio\" title=\"D\u1ecbch v\u1ee5 tr\u00f4ng gi\u1eef v\u00e0 ch\u0103m s\u00f3c t\u1ea1i nh\u00e0\"><input type=\"radio\" name=\"radio-1\" value=\"D\u1ecbch-v\u1ee5-tr\u00f4ng-gi\u1eef-v\u00e0-ch\u0103m-s\u00f3c-t\u1ea1i-nh\u00e0\" id=\"forminator-field-radio-1-4-69ee2c8ee2e32\" aria-labelledby=\"forminator-field-radio-1-label-4\" data-calculation=\"0\"   data-hidden-behavior=\"zero\"\/><span class=\"forminator-radio-bullet\" aria-hidden=\"true\"><\/span><span class=\"forminator-radio-label\">D\u1ecbch v\u1ee5 tr\u00f4ng gi\u1eef v\u00e0 ch\u0103m s\u00f3c t\u1ea1i nh\u00e0<\/span><\/label><label id=\"forminator-field-radio-1-label-5\" for=\"forminator-field-radio-1-5-69ee2c8ee2e32\" class=\"forminator-radio\" title=\"D\u1ecbch v\u1ee5 l\u00e0m \u0111\u1eb9p v\u00e0 spa\"><input type=\"radio\" name=\"radio-1\" value=\"D\u1ecbch-v\u1ee5-l\u00e0m-\u0111\u1eb9p-v\u00e0-spa\" id=\"forminator-field-radio-1-5-69ee2c8ee2e32\" aria-labelledby=\"forminator-field-radio-1-label-5\" data-calculation=\"0\"   data-hidden-behavior=\"zero\"\/><span class=\"forminator-radio-bullet\" aria-hidden=\"true\"><\/span><span class=\"forminator-radio-label\">D\u1ecbch v\u1ee5 l\u00e0m \u0111\u1eb9p v\u00e0 spa<\/span><\/label><label id=\"forminator-field-radio-1-label-6\" for=\"forminator-field-radio-1-6-69ee2c8ee2e32\" class=\"forminator-radio\" title=\"D\u1ecbch v\u1ee5 dinh d\u01b0\u1ee1ng\"><input type=\"radio\" name=\"radio-1\" value=\"D\u1ecbch-v\u1ee5-dinh-d\u01b0\u1ee1ng\" id=\"forminator-field-radio-1-6-69ee2c8ee2e32\" aria-labelledby=\"forminator-field-radio-1-label-6\" data-calculation=\"0\"   data-hidden-behavior=\"zero\"\/><span class=\"forminator-radio-bullet\" aria-hidden=\"true\"><\/span><span class=\"forminator-radio-label\">D\u1ecbch v\u1ee5 dinh d\u01b0\u1ee1ng<\/span><\/label><\/div><\/div><\/div><input type=\"hidden\" name=\"referer_url\" value=\"\" \/><div class=\"forminator-row forminator-row-last\"><div class=\"forminator-col\"><div class=\"forminator-field\"><button class=\"forminator-button forminator-button-submit\">\u0110\u1eb6T L\u1ecaCH KH&Aacute;M<\/button><\/div><\/div><\/div><input type=\"hidden\" id=\"forminator_nonce\" name=\"forminator_nonce\" value=\"6cae4163d5\" \/><input type=\"hidden\" name=\"_wp_http_referer\" value=\"\/index.php\/wp-json\/wp\/v2\/pages\/92\" \/><input type=\"hidden\" name=\"form_id\" value=\"355\"><input type=\"hidden\" name=\"page_id\" value=\"92\"><input type=\"hidden\" name=\"form_type\" value=\"default\"><input type=\"hidden\" name=\"current_url\" value=\"https:\/\/hanhtrinhkydieu.id.vn\/index.php\/tam-rua-va-chai-long\/\"><input type=\"hidden\" name=\"render_id\" value=\"0\"><input type=\"hidden\" name=\"action\" value=\"forminator_submit_form_custom-forms\"><\/form><\/div>\n\t\t\t\t\t\t<\/div>\n\t\t\t\t<\/div>\n\t\t\t\t<\/div>\n\t\t","protected":false},"excerpt":{"rendered":"<p>T\u1eaeM R\u1eecA V\u00c0 CH\u1ea2I L\u00d4NG T\u1ea1i Sao C\u1ea7n T\u1eafm R\u1eeda V\u00e0 Ch\u1ea3i L\u00f4ng \u0110\u1ecbnh K\u1ef3 Cho Th\u00fa C\u01b0ng ? Lo\u1ea1i b\u1ecf b\u1ee5i b\u1ea9n, m\u1ea3ng b\u00e1m: T\u1eafm gi\u00fap l\u00e0m s\u1ea1ch da v\u00e0 l\u00f4ng, ng\u0103n ng\u1eeba vi khu\u1ea9n v\u00e0 m\u1ea3ng b\u00e1m t\u00edch t\u1ee5, \u0111\u1ed3ng th\u1eddi gi\u00fap da th\u00fa c\u01b0ng kh\u1ecfe m\u1ea1nh. Gi\u1ea3m nguy c\u01a1 r\u1ee5ng l\u00f4ng: Ch\u1ea3i&#8230;<\/p>\n","protected":false},"author":1,"featured_media":0,"parent":0,"menu_order":0,"comment_status":"closed","ping_status":"closed","template":"","meta":{"_kadence_starter_templates_imported_post":false,"_kad_post_transparent":"","_kad_post_title":"hide","_kad_post_layout":"fullwidth","_kad_post_sidebar_id":"","_kad_post_content_style":"unboxed","_kad_post_vertical_padding":"hide","_kad_post_feature":"hide","_kad_post_feature_position":"","_kad_post_header":false,"_kad_post_footer":false,"_kad_post_classname":"","footnotes":""},"class_list":["post-92","page","type-page","status-publish","hentry"],"_links":{"self":[{"href":"https:\/\/hanhtrinhkydieu.id.vn\/index.php\/wp-json\/wp\/v2\/pages\/92","targetHints":{"allow":["GET"]}}],"collection":[{"href":"https:\/\/hanhtrinhkydieu.id.vn\/index.php\/wp-json\/wp\/v2\/pages"}],"about":[{"href":"https:\/\/hanhtrinhkydieu.id.vn\/index.php\/wp-json\/wp\/v2\/types\/page"}],"author":[{"embeddable":true,"href":"https:\/\/hanhtrinhkydieu.id.vn\/index.php\/wp-json\/wp\/v2\/users\/1"}],"replies":[{"embeddable":true,"href":"https:\/\/hanhtrinhkydieu.id.vn\/index.php\/wp-json\/wp\/v2\/comments?post=92"}],"version-history":[{"count":4,"href":"https:\/\/hanhtrinhkydieu.id.vn\/index.php\/wp-json\/wp\/v2\/pages\/92\/revisions"}],"predecessor-version":[{"id":489,"href":"https:\/\/hanhtrinhkydieu.id.vn\/index.php\/wp-json\/wp\/v2\/pages\/92\/revisions\/489"}],"wp:attachment":[{"href":"https:\/\/hanhtrinhkydieu.id.vn\/index.php\/wp-json\/wp\/v2\/media?parent=92"}],"curies":[{"name":"wp","href":"https:\/\/api.w.org\/{rel}","templated":true}]}}